-4)/v*-88.
2, 11
Suppose -2580 = -3*i - 1080. List the prime factors of i.
2, 5
Let x(i) = -2 + i**2 - 11*i - i**2 + 9*i**2 + i**3 - i**2. Let c be x(-9). Suppose -j = j - c. List the prime factors of j.
2
Let u = 4 - 1. Suppose 4*p - 3*r = 689, r + u*r - 4 = 0. List the prime factors of p.
173
Let s = -3 + 186. List the prime factors of s.
3, 61
Let u(w) = 12*w**2 - w - 1. Let y be u(-1). Let n be (2/(-6))/((-4)/y). Let x(c) = 48*c**2 + 1. List the prime factors of x(n).
7
Let m(l) = -l**3 + 6*l**2 + l - 3. Let q be m(6). Let j(x) = x**3 + 3*x**3 + 5*x - 2 - 3*x**2 - 5*x**q. What are the prime factors of j(-5)?
23
Suppose 0 = 5*x + 3*r - 886 - 1211, 5*r - 1675 = -4*x. List the prime factors of x.
2, 3, 5, 7
Suppose 1042 = -2*k + 4*z, -4*z + 62 - 1675 = 3*k. Let d = k - -748. What are the prime factors of d?
7, 31
Let k be (-1245)/30 + 6/4. Let f = 28 + k. List the prime factors of f*((-128)/12)/4.
2
Let x(p) = p**2 - 6*p + 7. Let k be x(3). Suppose -a - 7 = h - 3, 0 = 5*a - 3*h + 4. What are the prime factors of (a/6)/(k/60)?
2, 5
Let x(b) = -107*b. Let r be x(1). Let f = -45 - r. List the prime factors of f.
2, 31
Suppose -5*t = -158 - 1352. Let f = -154 + t. What are the prime factors of f?
2, 37
Let f = 29 + -28. What are the prime factors of 3 + f/1 + 114?
2, 59
Suppose 0 = -4*q + 4 + 4. Suppose -41 = q*j + 3*a, 4*j - 3*a + 109 = -0*a. List the prime factors of (-25)/(-2)*(-60)/j.
2, 3, 5
Let q(t) = 2*t**2 + 18*t - 88. What are the prime factors of q(8)?
2, 23
Let s(w) be the second derivative of 5*w + 7/6*w**3 + w**2 + 0. What are the prime factors of s(3)?
23
Let z = -535 + 210. Let n = z + 473. List the prime factors of n.
2, 37
Let k be (7 + -2)*(-24)/(-10). Suppose -8*g + k*g - 1280 = 0. What are the prime factors of g?
2, 5
Suppose 18 = 3*b + 51. Suppose -6 = 3*d + 6. Let z = d - b. List the prime factors of z.
7
Let u(i) = 6*i + 3. Let c be u(9). Suppose -b + 5*v = b - c, -5 = 5*v. Suppose -b - 4 = -5*m. List the prime factors of m.
2, 3
Suppose 2*f + 9776 = 15*f. List the prime factors of f.
2, 47
List the prime factors of 381524/468 + (-4)/18.
5, 163
Let x = 255 + -241. List the prime factors of x.
2, 7
Let y = 14 + -10. Suppose y*q - 21 = -5. Suppose -5*r + 45 = -q*k + 2*k, 36 = 4*r + 5*k. What are the prime factors of r?
3
Let f = -332 + 804. What are the prime factors of f?
2, 59
Suppose -3*s = -4*s + 245. List the prime factors of s.
5, 7
Suppose -i = 2*t - 356, -3*i - 912 = -2*t - 3*t. Let j = t - 52. What are the prime factors of j?
2
List the prime factors of (-1)/(((-1)/(-3))/((-3739)/3)).
3739
Let w be 8 + 33/(-4) + 3306/8. Suppose 555 + w = 4*t. What are the prime factors of t?
2, 11
Let g(m) = 4*m**2 - 8*m + 2. Let t(h) = -3*h**2 + 7*h - 2. Let r(d) = -4*g(d) - 5*t(d). Let y be r(-4). List the prime factors of (((-120)/(-4))/y)/(-1).
3, 5
Let w(z) = 38*z**2 + z + 2. Suppose -8 = f + 5*o, -3*f + o + 3*o + 14 = 0. What are the prime factors of w(f)?
2, 3, 13
Let h(t) = -7*t - 24. Let a be h(-18). Suppose 0*q + a = q. List the prime factors of q.
2, 3, 17
Let r(h) = -h + 175. Let u = 160 + -160. List the prime factors of r(u).
5, 7
Let q(c) = -151*c**3 - 6*c - 4. List the prime factors of q(-2).
2, 19
Let u(t) = -t**3 - 17*t**2 - t + 10. Let m be u(-17). What are the prime factors of 210/m - 4/(-18)?
2
Let j be ((-6)/5)/(12/40). Let r be -3*j/(-12) - -1. Suppose 4*d - 399 + 143 = r. List the prime factors of d.
2
Let a = 190 - -28. Let o = a - 83. Suppose -5*k + o = -5*h, k - 3 + 0 = -5*h. What are the prime factors of k?
23
Let b(x) = 12*x**2 - 2*x - 5. Let v be ((-15)/25)/((-12)/10 + 1). What are the prime factors of b(v)?
97
Let a(d) = 2 + 4*d**3 - d**2 + d - 4*d**2 + 0 + 0*d**3. List the prime factors of a(3).
2, 17
Let s = 509 + 996. What are the prime factors of s?
5, 7, 43
List the prime factors of (-6)/8 - 0 - 88134/(-296).
3, 11
What are the prime factors of -5*(-267)/45*72?
2, 3, 89
Suppose 0 = -v - v + 132. Let u = -22 + v. Let b = 106 - u. What are the prime factors of b?
2, 31
Let u = -89 - -307. Suppose -u = -5*r + 3*r + 4*c, 5*r - c = 563. What are the prime factors of r?
113
Suppose 19*o - 7893 = 13121. What are the prime factors of o?
2, 7, 79
Let j be 1 + -1 + 0/(-1). Let g = -143 - -145. Suppose g*b = -j*b + 78. List the prime factors of b.
3, 13
Let k = 2020 - -3084. What are the prime factors of k?
2, 11, 29
Suppose -2*y + 305 + 147 = 0. What are the prime factors of y?
2, 113
Suppose -3*j + t = -3*t + 6, 5*j - 1 = 3*t. Suppose -j*v - 466 = -2*f - 0*v, 486 = 2*f + 3*v. List the prime factors of (f/6)/((-3)/(-6)).
79
Suppose -5*r + 15 = 5*v, 5*v - 18 = v + 2*r. Suppose -58 + 6 = -v*o. Suppose h = -4*b + 4*h + 43, 4*b + 3*h - o = 0. List the prime factors of b.
7
Let b = 106 - 21. Suppose 2*d - b = 45. List the prime factors of d.
5, 13
Suppose 2*z = 3*z - 136. What are the prime factors of z?
2, 17
Let o(z) be the third derivative of z**6/120 - 2*z**5/15 + 5*z**4/24 + z**3 + 4*z**2. Let p be o(7). Let s = p + 21. What are the prime factors of s?
13
Let b = 12 + -27. Let r(v) = -2*v + 42. List the prime factors of r(b).
2, 3
Let x(d) = d - 13. Let f be x(-27). List the prime factors of (-916)/f*6 - (-4)/(-10).
137
Let f(c) = -3*c**3 + 11*c**2 + 21*c + 82. List the prime factors of f(-7).
3, 167
Suppose 55 = -r + 63. List the prime factors of r/(-6) + (-6253)/(-39).
3, 53
Let d = 234 - 108. What are the prime factors of d?
2, 3, 7
Suppose -66 - 138 = -3*u. Suppose s = 9 + u. Let r = s + -41. What are the prime factors of r?
2, 3
Let g be (-42)/(-8) - -4*2/(-32). Let s(y) = 4*y**2 + 7*y - 11. List the prime factors of s(g).
2, 31
Let p(s) = -s**3 + s**2 - s - 1. Let y be p(3). Let v = y - -49. What are the prime factors of v?
3
Let b(c) = 10*c**3 + 5*c - 9. Let i be b(2). Suppose -17*p = -880 + i. What are the prime factors of p?
47
Suppose m - 5*m + o = -276, -3*o = -5*m + 352. List the prime factors of m.
2, 17
Suppose 1670 - 17318 = -8*f. List the prime factors of f.
2, 3, 163
Let l(y) = y + 1. Let z be l(1). Suppose z + 19 = -a. List the prime factors of a/7 - (-66)/2.
2, 3, 5
Let v = -2700 - -3808. List the prime factors of v.
2, 277
What are the prime factors of 12885/20 + 40/(-32)?
643
Let y(b) = -933*b**3 - 2*b + 4. Let o be y(2). What are the prime factors of 8/(-36) + (o/27)/(-2)?
2, 3, 23
Let g(d) = -d**3 - 7*d**2 - 10*d - 15. Let w be g(-6). Let x = w - -69. List the prime factors of x.
2, 3, 13
Let j be 85 - (6/(-3))/(-2). Suppose -5*g - m + j = 0, 5*g = -0*m + 2*m + 72. Let b = g + 32. List the prime factors of b.
2, 3
Let s(f) = -3*f**2 - 2*f - 1. Let u be s(-1). Let x be (-42 + u)*(-3)/(-4). Let b = x + 48. What are the prime factors of b?
3, 5
Suppose -47 + 283 = -4*t. Let n = t + 23. Let d = n - -80. What are the prime factors of d?
2, 11
Let w(r) = -r - 9. Let u be w(-15). Let b(k) = k**3 - 5*k**2 + 7*k + 4. List the prime factors of b(u).
2, 41
Let f = -665 + 1902. What are the prime factors of f?
1237
Let z = 247 + -135. What are the prime factors of z?
2, 7
Suppose u - 8 + 1 = 0. Suppose u*h = 10*h + 84. Let m = h - -52. List the prime factors of m.
2, 3
Let g(k) = -k**2 - 4*k. Let r be g(-4). Suppose r = -i + 1 + 1. Suppose i*q = 5*q - 105. List the prime factors of q.
5, 7
Let w = -6 - 3. Let d = w - -11. Suppose -d*a = 6 - 10. What are the prime factors of a?
2
Let f(y) = y**3 - 4*y**2 - y + 4. Let q be (-2)/(-5) - (-36)/10. Let r be f(q). Suppose 3*a = 4*g - r*g - 52, 24 = 2*g - a. What are the prime factors of g?
2, 5
Let o = -47 + 38. List the prime factors of (-10640)/(-72) + (-2)/o.
2, 37
Let d = 4 + 1. Suppose -10 = -d*w, 2*j - 7 = w + 3. Let g = j - -4. What are the prime factors of g?
2, 5
Let q be (-2)/3 - (6 - (-320)/(-12)). Let v be 2*1/(-2) + 37. Let b = v - q. List the prime factors of b.
2
Let x = -23 + 25. Suppose 0 = 12*w - x*w - 1000. What are the prime factors of w?
2, 5
Let d = -19 - -33. Suppose -780 = -d*l + 1096. What are the prime factors of l?
2, 67
Suppose -1 = -5*c + 4. Let f(h) = 5*h**2 + 3*h - 2. What are the prime factors of f(c)?
2, 3
Let u(j) = j + 8. Let z be u(-17). Let g = 14 + z. Suppose 4*v + 6 - 30 = -5*y, -g*v + 59 = -y. List the prime factors of v.
11
Suppose 257*n - 247*n = 1060. What are the prime factors of n?
2, 53
Suppose 0 = 3*w - 